 + 10. Suppose 6 = 2*z + 3*l, 3*l - 7 + 4 = -z. What is the units digit of b(z)?
7
Suppose 2*y = -t + 874, 5*y + 2*t = -0*y + 2184. Suppose -24*s + y = -22*s. What is the units digit of s?
8
Suppose 0 = 3*p + 2*p - 670. Let u = -81 + p. What is the tens digit of u?
5
Let n(v) = 3*v**3 - 4*v**2 + 6*v + 1. What is the units digit of n(5)?
6
Let s = 11 - 47. Let k be 11/4 - 9/s. Suppose -2*a + 4*w + 8 = 0, -k*a + 3*w - 2*w + 17 = 0. What is the units digit of a?
6
Let w(o) = 10*o - 14. Let f be w(12). Suppose -421 = -5*p - f. What is the tens digit of p?
6
Let p(i) = 411*i + 21. What is the hundreds digit of p(1)?
4
Suppose 9*z = 3*z + 18. Suppose 2*g = -z*g + 240. What is the units digit of g?
8
Let j(n) = n**3 + 4*n**2 - 14*n - 17. Let d be j(-6). What is the units digit of (1/((-5)/d))/(1/9)?
9
Let q(i) = 327*i**2 - 2*i - 5. What is the thousands digit of q(2)?
1
Let j be 3 + ((-18)/(-4))/9*4. Let r = -18 + 29. Let h = r - j. What is the units digit of h?
6
Suppose -5*g + 10*g - 2377 = -4*c, 2*c - 1184 = 2*g. What is the hundreds digit of c?
5
Let k(d) = -d**3 + 14*d**2 + 8*d - 15. What is the hundreds digit of k(6)?
3
Let t(b) = 2*b. Let j be t(2). Let k(p) = -p**3 + 5*p**2 - 3*p - 1. Let u be k(j). Suppose u*x - 87 = -18. What is the units digit of x?
3
Let q(w) = -w**2 - 21*w - 85. What is the tens digit of q(-12)?
2
Suppose -3*q + 5*o + 13317 = 0, -5*q + 5*o - 138 = -22323. What is the units digit of q?
4
Let h be (-8)/2 + (-2 - -1). Let j = h - -5. Suppose 2*z - 5*l - 10 = j, -5*z - 5*l = -0*z - 60. What is the tens digit of z?
1
Let p be 2/(-2 - 16/(-6))*-6. Suppose -3*q + 181 = -2*y, -2*q - q + y + 185 = 0. Let g = p + q. What is the tens digit of g?
4
Let m = -102 + -47. Let r = 15 - m. What is the tens digit of r?
6
Suppose -17 = -5*h - o - 7, -5*o = 3*h + 16. Let y be h*-1 + 1 + 14. Suppose -y*p = -17*p + 185. What is the units digit of p?
7
Let t(u) = 4*u - 9. Let j = -4 + 7. Let q be (-2)/j*45/(-3). What is the units digit of t(q)?
1
Suppose -22*j - 25380 = -27*j. What is the tens digit of j?
7
Let h = -100 - -244. Suppose -4*q + 0*q = s - 38, -5*s + 3*q + h = 0. Suppose -c = p - 20, p = -0*p + c + s. What is the tens digit of p?
2
Let y(c) = c**2 - 42*c + 6. What is the hundreds digit of y(-33)?
4
Let z(h) = -3*h**2 + 6*h + 8. Let d be z(-6). Let w = -72 - d. Suppose -s = 3*s - w. What is the units digit of s?
6
Suppose -k + 4*u = -35, -2*k + 70 = 4*u - 0*u. Suppose 2*m - 25 = 5*d + k, 4*m - 144 = -2*d. What is the tens digit of m?
3
Let w = 415 + -287. What is the hundreds digit of w?
1
Let m(u) = -64*u**3 + 2*u**2 - u - 4. What is the tens digit of m(-2)?
1
What is the units digit of 20172/6 + 0/(-8 - -10)?
2
Let k(h) = 4*h + 13. Let p(v) = -2*v**3 - 26*v**2 - 26*v - 17. Let c be p(-12). What is the units digit of k(c)?
1
Suppose 0 = -b - 4*b + 60. Suppose b*g - 14*g = -202. What is the tens digit of g?
0
Suppose 6*i = -645 + 81. Let c = -61 - i. What is the tens digit of c?
3
Let m(x) = -x**2 + x + 5. Let d be m(0). Let a = -46 - -59. Let n = d + a. What is the units digit of n?
8
Let d = 6496 + -3695. What is the units digit of d?
1
Let x = -482 + 583. What is the tens digit of x?
0
Let v(d) be the third derivative of d**5/30 + d**4/6 + 19*d**3/6 + 25*d**2. What is the units digit of v(-6)?
7
Let i(u) = 24*u - 89. What is the hundreds digit of i(8)?
1
What is the thousands digit of (-1677)/12*(-80 + 64)?
2
Suppose 3*s = 5*z - 581, -s + 666 - 93 = 5*z. Let c = z - -4. What is the hundreds digit of c?
1
Let o(n) = n**3 + 7*n**2 + 3*n - 7. Let l = 33 + -37. What is the tens digit of o(l)?
2
What is the thousands digit of (-7)/(-5) + -1 + 282348/230?
1
Let p = 13 + -8. Let g(c) = -c**3 + 5*c**2 + 3*c + 2. Let v be g(p). Let y = 58 - v. What is the tens digit of y?
4
Let j = -1328 + 1934. What is the hundreds digit of j?
6
Let n(m) = -3*m**3 + 7*m**2 - 2*m + 1. What is the tens digit of n(-5)?
6
Let p(i) = -i**2 + 3*i. Let a be p(3). Suppose -5*x + 5 + a = 2*t, 3*t = -4*x + 25. Suppose h + h - 30 = -2*u, h = u + t. What is the units digit of h?
5
Let b(s) = -s - 11. Let n be b(2). Let c(h) = h**2 + 9*h + 23. What is the tens digit of c(n)?
7
Let z be 240 + 20 + (-1 - 1). Suppose -3*s = i - 75, -4*i - s + 3*s = -z. What is the tens digit of i?
6
Let j be 2/(-5) + (-22)/(-5). Suppose r - 2*r - 5*p = -87, -420 = -j*r - 2*p. What is the tens digit of r?
0
Let q = -54 - -52. What is the tens digit of (-10)/(q/17*1)?
8
Let s(w) = 12*w**3 + 2*w**2 + 3. Let t(n) be the first derivative of 11*n**4/4 + n**3 + 4*n + 1. Let b(k) = 3*s(k) - 2*t(k). What is the units digit of b(1)?
5
Let k(t) = -t**2 + 7*t - 57. Let z be k(-20). Let x = -421 - z. What is the hundreds digit of x?
1
Let d(r) = r**2 - 3*r + 301. Let b be d(0). Suppose 5*z + b = 21. Let j = 90 + z. What is the units digit of j?
4
Suppose -613 = -2*h + 625. What is the hundreds digit of h?
6
Let d = 148 - 84. Let g be (19/38)/(-2*(-1)/12). Suppose g*t + t = d. What is the tens digit of t?
1
Suppose 96*c - 92*c = 4136. What is the units digit of c?
4
Let z(r) = -95*r + 26. What is the hundreds digit of z(-9)?
8
Let l(d) = -d**3 + 6*d**2 + 2. Let p be l(6). Suppose -2*x - p*j = -3*j - 26, -4*j = 0. What is the tens digit of x?
1
Let i be ((-45)/10 + 0)*2. Let u = 25 + i. What is the tens digit of u?
1
Let a be (-86)/(-18) + 10/45. What is the units digit of -18*(-2 + (-25)/a)?
6
Let v(y) = 316*y + 113. What is the thousands digit of v(10)?
3
Let y = -205 + 120. Let f = 22 - y. What is the tens digit of f?
0
Let t(n) = -771*n**2 + 35*n - 24. Let c(g) = 154*g**2 - 7*g + 5. Let h(l) = 11*c(l) + 2*t(l). What is the hundreds digit of h(1)?
1
Suppose 5*k = 5*f + 65, 4*f + 11 = -k + 39. Let d = 25 - k. What is the units digit of 16 + d/(-12)*-4?
9
Let g(u) = 3*u**2 - 8*u + 10. Let l(q) = 4*q**2 - 7*q + 9. Let o(t) = 3*g(t) - 2*l(t). Let p be o(9). Suppose p*i - 44 = -i. What is the units digit of i?
1
What is the tens digit of (3 - (-1 - -433))*-1?
2
Let u be (-129)/(-18) + -7 - 113/(-6). Suppose 0 = -u*j - 4*j + 2415. What is the tens digit of j?
0
Let j(s) = 230*s**3 - s**2 - s + 2. Let v be j(1). Suppose -4*t = -4*w - 484, -2*t + v = -0*t + w. What is the tens digit of t?
1
Suppose 0 = -2*d - 3*d + 2395. What is the tens digit of d?
7
Let h = 5907 + -4142. What is the tens digit of h?
6
Let v be (-4 + 5)/(1/2). Suppose -124 = -v*n - 0*n. Let p = n - 35. What is the units digit of p?
7
Let j = 111 - 48. What is the units digit of j?
3
Let t(k) = 4*k**2 - k - 103. What is the tens digit of t(-21)?
8
Let y(o) be the third derivative of o**5/30 + o**4/24 + 3*o**2. Let n be y(1). Suppose -q + 13 = n*z, 2*z = -0*z + 4*q - 10. What is the units digit of z?
3
Suppose -5*a = 4*u + 3868 - 12173, 0 = 5*u + 4*a - 10379. What is the units digit of u?
5
Let w(a) be the second derivative of 0 + 1/3*a**3 - a**2 + 31/6*a**4 - 8*a. What is the units digit of w(1)?
2
Suppose -13 = -2*q - 3, -31 = -m - 5*q. Let u be (16/m - 1)*3. Suppose -20 = -u*y + 2*w, 4*w = -y + 8*w - 14. What is the units digit of y?
6
Suppose -9*x + 1959 = -6*x. What is the tens digit of x?
5
Suppose 95 = 6*z - 2269. What is the tens digit of z?
9
Let v(w) = -w**2 - 11*w + 1. Let m be v(-10). Let h(k) = k**3 + 2*k - 419 + 431 - k**2 - 10*k**2. What is the units digit of h(m)?
4
Let h(d) = -94*d - 87. What is the hundreds digit of h(-13)?
1
Suppose -20*z = -49*z + 44196. What is the thousands digit of z?
1
Let w(u) = -2*u - 13. Let l be w(-13). Let h = 30 - l. Let q = h + -14. What is the units digit of q?
3
Suppose 19*d = 11*d - 72. Let v be (12/(-10))/(1/(-5)). What is the units digit of -3*v/d*1?
2
Suppose 259 = -4*n - 5*c, -n = -5*c + 5 + 91. Let t = n - -129. What is the units digit of t?
8
Suppose 6*o - 2*o + 5*w - 26 = 0, -3*w - 2 = -2*o. Suppose 5*i = -5*m + 150, o*m - 3*i + 0*i = 155. What is the tens digit of m?
3
Let h(z) = z**3 + 9*z**2 + z + 11. Let g be h(-9). Let q(d) = 5*d - 4. What is the units digit of q(g)?
6
Suppose -r + 4*r = -5*g + 1794, 4*g + 2*r = 1436. What is the units digit of g?
0
What is the tens digit of (-30)/45*(-2 + -151)?
0
Suppose -2*l = -5*q - l - 209, 0 = -3*q - 3*l - 129. Let u = 81 + q. What is the units digit of u?
9
Suppose 0 = -2*t + 6 + 26. Let i = t + -11. Suppose i*j - 23 + 13 = 0. What i